7
List the prime factors of 83776.
2, 7, 11, 17
List the prime factors of 360899.
7, 11, 43, 109
List the prime factors of 5459502.
2, 3, 909917
What are the prime factors of 290486?
2, 7, 20749
List the prime factors of 82187.
7, 59, 199
What are the prime factors of 28508095?
5, 7, 11, 74047
List the prime factors of 5120326.
2, 41, 1523
List the prime factors of 339578.
2, 169789
List the prime factors of 1111788.
2, 3, 89, 347
What are the prime factors of 19723455?
3, 5, 43, 10193
What are the prime factors of 274651?
13, 37, 571
What are the prime factors of 1102075?
5, 13, 3391
What are the prime factors of 327673?
327673
List the prime factors of 543764.
2, 13, 10457
What are the prime factors of 239489?
239489
List the prime factors of 1888938.
2, 3, 17, 6173
List the prime factors of 235824.
2, 3, 17
What are the prime factors of 1672827?
3, 13, 59, 727
What are the prime factors of 734898?
2, 3, 53, 2311
List the prime factors of 547425.
3, 5, 811
List the prime factors of 6934985.
5, 929, 1493
What are the prime factors of 184241?
184241
What are the prime factors of 3819697?
7, 137, 569
List the prime factors of 20563032.
2, 3, 7, 122399
List the prime factors of 1812789.
3, 11, 18311
What are the prime factors of 424121?
424121
List the prime factors of 81394.
2, 40697
What are the prime factors of 1132663?
7, 43, 53, 71
What are the prime factors of 17535853?
61, 103, 2791
What are the prime factors of 379331?
139, 2729
What are the prime factors of 94247?
79, 1193
List the prime factors of 895194.
2, 3, 41, 1213
List the prime factors of 2569409.
193, 13313
What are the prime factors of 1539440?
2, 5, 7, 2749
What are the prime factors of 19830914?
2, 9915457
What are the prime factors of 542759?
7, 17, 4561
What are the prime factors of 6187459?
6187459
What are the prime factors of 190773?
3, 11, 41, 47
List the prime factors of 4238854.
2, 23, 43, 2143
What are the prime factors of 3512366?
2, 11, 13, 12281
List the prime factors of 229570.
2, 5, 11, 2087
What are the prime factors of 17228963?
31, 647, 859
What are the prime factors of 4079264?
2, 7, 18211
What are the prime factors of 248496?
2, 3, 31, 167
List the prime factors of 353239.
37, 9547
List the prime factors of 16992525.
3, 5, 11, 43, 479
What are the prime factors of 253339?
37, 41, 167
What are the prime factors of 2892603?
3, 7, 137743
What are the prime factors of 9749090?
2, 5, 13, 19, 3947
What are the prime factors of 3267190?
2, 5, 89, 3671
What are the prime factors of 686363?
686363
What are the prime factors of 210053?
210053
What are the prime factors of 414975?
3, 5, 11, 503
What are the prime factors of 739065?
3, 5, 29, 1699
What are the prime factors of 4483418?
2, 2241709
What are the prime factors of 3560861?
47, 239, 317
List the prime factors of 1642637.
23, 71419
What are the prime factors of 170507?
167, 1021
What are the prime factors of 512121?
3, 170707
List the prime factors of 91080.
2, 3, 5, 11, 23
List the prime factors of 602157.
3, 17, 11807
What are the prime factors of 526484?
2, 7, 18803
What are the prime factors of 6659834?
2, 23, 144779
List the prime factors of 18559543.
18559543
What are the prime factors of 4178129?
4178129
List the prime factors of 863286.
2, 3, 143881
List the prime factors of 17505068.
2, 7, 625181
List the prime factors of 3686106.
2, 3, 337, 1823
What are the prime factors of 2607200?
2, 5, 3259
What are the prime factors of 5729446?
2, 2864723
What are the prime factors of 6879921?
3, 23, 99709
What are the prime factors of 3361682?
2, 17, 98873
What are the prime factors of 22892142?
2, 3, 7, 13, 41927
What are the prime factors of 155848?
2, 7, 11, 23
What are the prime factors of 438167?
41, 10687
What are the prime factors of 1699216?
2, 61, 1741
What are the prime factors of 1332946?
2, 311, 2143
What are the prime factors of 118?
2, 59
What are the prime factors of 27846213?
3, 1019, 9109
List the prime factors of 627300.
2, 3, 5, 17, 41
List the prime factors of 16023326.
2, 11, 728333
What are the prime factors of 17272243?
17272243
List the prime factors of 17813762.
2, 41, 217241
List the prime factors of 361685.
5, 72337
What are the prime factors of 904260?
2, 3, 5, 7, 2153
List the prime factors of 91752.
2, 3, 3823
List the prime factors of 3853716.
2, 3, 321143
List the prime factors of 4998679.
7, 41, 17417
What are the prime factors of 226095?
3, 5, 15073
List the prime factors of 486783.
3, 11, 149
List the prime factors of 130573.
37, 3529
List the prime factors of 1560741.
3, 7, 13, 5717
List the prime factors of 11970222.
2, 3, 11, 293, 619
List the prime factors of 8019460.
2, 5, 83, 4831
List the prime factors of 3616528.
2, 37, 41, 149
What are the prime factors of 1312470?
2, 3, 5, 4861
List the prime factors of 281396.
2, 103, 683
What are the prime factors of 26777418?
2, 3, 37, 120619
List the prime factors of 22786719.
3, 19, 149, 2683
List the prime factors of 14220707.
1109, 12823
List the prime factors of 7536482.
2, 3768241
List the prime factors of 21016661.
47, 139, 3217
What are the prime factors of 1635112?
2, 313, 653
List the prime factors of 8881627.
29, 306263
List the prime factors of 1333504.
2, 5209
List the prime factors of 225875.
5, 13, 139
List the prime factors of 6653739.
3, 23, 96431
What are the prime factors of 3025689?
3, 1008563
List the prime factors of 439942.
2, 219971
What are the prime factors of 405157?
405157
List the prime factors of 26937493.
11, 2448863
List the prime factors of 3138350.
2, 5, 23, 2729
List the prime factors of 16665903.
3, 53, 34939
What are the prime factors of 853916?
2, 7, 30497
List the prime factors of 11985632.
2, 37, 53, 191
What are the prime factors of 4627510?
2, 5, 359, 1289
List the prime factors of 19407.
3, 6469
What are the prime factors of 4203591?
3, 7, 200171
List the prime factors of 181241.
19, 9539
What are the prime factors of 184466?
2, 92233
List the prime factors of 4441340.
2, 5, 222067
What are the prime factors of 6658849?
17, 23041
List the prime factors of 1086413.
1086413
List the prime factors of 12741962.
2, 29, 219689
What are the prime factors of 1002733?
29, 71, 487
What are the prime factors of 5313022?
2, 11, 13, 1429
What are the prime factors of 82156?
2, 19, 23, 47
List the prime factors of 233812.
2, 58453
List the prime factors of 17509520.
2, 5, 7, 31267
List the prime factors of 15509172.
2, 3, 7, 184633
List the prime factors of 83661.
3, 79, 353
List the prime factors of 189870.
2, 3, 5, 6329
What are the prime factors of 425652?
2, 3, 79, 449
List the prime factors of 23937.
3, 79, 101
List the prime factors of 368275.
5, 14731
List the prime factors of 6585643.
6585643
List the prime factors of 44084864.
2, 19, 18127
List the prime factors of 719335.
5, 47, 3061
List the prime factors of 630426.
2, 3, 105071
What are the prime factors of 549425?
5, 21977
What are the prime factors of 7832857?
23, 340559
What are the prime factors of 14233164?
2, 3, 11, 107827
What are the prime factors of 161171?
41, 3931
What are the prime factors of 16116522?
2, 3, 19, 109, 1297
List the prime factors of 156565.
5, 173, 181
List the prime factors of 8852166.
2, 3, 53, 1031
List the prime factors of 14527962.
2, 3, 17, 197, 241
What are the prime factors of 88283?
13, 6791
What are the prime factors of 34115?
5, 6823
List the prime factors of 2173882.
2, 67, 16223
What are the prime factors of 6714841?
7, 959263
What are the prime factors of 1512451?
271, 5581
What are the prime factors of 20854583?
23, 733, 1237
What are the prime factors of 14915029?
233, 64013
List the prime factors of 539111.
539111
What are the prime factors of 3380864?
2, 61, 433
What are the prime factors of 1205871?
3, 401957
List the prime factors of 409775.
5, 37, 443
What are the prime factors of 14112379?
14112379
What are the prime factors of 10802752?
2, 17, 9929
List the prime factors of 1987633.
883, 2251
List the prime factors of 2755817.
19, 145043
List the prime factors of 2954159.
13, 113, 2011
List the prime factors of 3431386.
2, 7, 83, 2953
List the prime factors of 1817529.
3, 7, 23, 53, 71
What are the prime factors of 1723089?
3, 574363
What are the prime factors of 5477457?
3, 1825819
L